{"id":2607,"date":"2025-09-30T10:31:10","date_gmt":"2025-09-30T13:31:10","guid":{"rendered":"https:\/\/ifd6-nqn.infd.edu.ar\/sitio\/?page_id=2607"},"modified":"2025-09-30T23:00:16","modified_gmt":"2025-10-01T02:00:16","slug":"institucional","status":"publish","type":"page","link":"https:\/\/ifd6-nqn.infd.edu.ar\/sitio\/institucional\/","title":{"rendered":"Institucional"},"content":{"rendered":"\n<p><strong>Equipo Directivo:<\/strong><\/p>\n\n\n\n<p><br><strong>Directora<\/strong>: Juliana de los Santos<br><strong>Vicedirector<\/strong>: Sergio Martin Ferreyra<br><strong>Secretaria<\/strong> <strong>Acad\u00e9mica<\/strong>: Cecilia Alberto<\/p>\n\n\n\n<p><\/p>\n\n\n\n<p><strong>Consejo Acad\u00e9mico<\/strong>:<\/p>\n\n\n\n<figure class=\"wp-block-table\"><table><tbody><tr><td><strong>COORDINACIONES<\/strong><\/td><td><strong>coordinadores\/as<\/strong><\/td><\/tr><tr><td>Coordinaci\u00f3n Carrera PEP<\/td><td>Claudio Ruiz<\/td><\/tr><tr><td>Coordinaci\u00f3n Carrera PEI<\/td><td>Paula Ruiz<\/td><\/tr><tr><td>Coordinaci\u00f3n de Pr\u00e1cticas PEP<\/td><td>Angela Wedeman<\/td><\/tr><tr><td>Coordinaci\u00f3n Pr\u00e1cticas PEI<\/td><td>Gisela Branchini<\/td><\/tr><tr><td>Coordinaci\u00f3n de la Formaci\u00f3n General PEP<\/td><td>Ayel\u00e9n Penchulef<\/td><\/tr><tr><td>Coordinaci\u00f3n de la Formaci\u00f3n General PEI<\/td><td>Marcela Rodr\u00edguez&nbsp;<\/td><\/tr><tr><td>Coordinaci\u00f3n de la Formaci\u00f3n Espec\u00edfica PEI&nbsp;<\/td><td>Fernanda Zwenger\u00a0<\/td><\/tr><tr><td>Coordinaci\u00f3n de la Formaci\u00f3n Espec\u00edfica PEP<\/td><td><em>Vacante<\/em><\/td><\/tr><tr><td>Coordinaci\u00f3n Pedag\u00f3gica -Administrativa PEP<\/td><td>Valeria Jauregui&nbsp;<\/td><\/tr><tr><td>Coordinaci\u00f3n Pedag\u00f3gica -Administrativa PEI<\/td><td>Joana Juricich<\/td><\/tr><tr><td><strong>Secretaria de Extensi\u00f3n<\/strong>&nbsp;<\/td><td>Karina Senz<\/td><\/tr><tr><td><strong>Secretaria de Investigaci\u00f3n<\/strong>&nbsp;<\/td><td>Luciana Scarpecci<\/td><\/tr><tr><td>Estudiante&nbsp;<\/td><td>Gramigna Sol PEP<\/td><\/tr><tr><td>Estudiante<\/td><td>Albornoz Marcos PEP<\/td><\/tr><tr><td>Estudiante<\/td><td>Cardoso Ail\u00e9n PEI<\/td><\/tr><tr><td>Estudiante<\/td><td>Fernandez Antonela Bel\u00e9n PEI<\/td><\/tr><\/tbody><\/table><figcaption class=\"wp-element-caption\"><strong>Consejo de Pol\u00edticas Institucionales (CPI<\/strong>)<br><br><strong>Claustro Docente<\/strong>:<br>Sol Ezpeleta<br>Jose Montesinos<br>Paula Boselli<br>Mar\u00eda Colodro<br>Florencia Lujan<br>Marisol Ruiz<br>Ana Laura De Le\u00f3n\u00a0<br>Miguel Napal<br>Alexander Balenzuela<br><br><strong>Claustro TAE<\/strong>:<br>Rosana Brito<br>Patricia Spiccia<br>Eliana Lopez Osornio<br>Julio Mariluan\u00a0<br><br><strong>Claustro estudiantil:<\/strong><br>Bravo Guadalupe PEI TM<br>Guevara Karina PEP TM\u00a0<br>Morero Camila PEI TV<br>Braida Noelia PEI TM<br><br><br><br><strong>Equipo de Secretar\u00eda:<\/strong><br><strong>Secretaria:<\/strong> Pamela Z\u00fa\u00f1iga<br><strong>Prosecretaria:<\/strong> Karina Blasco \/ Daniela Moya<br><strong>Auxiliares de secretaria:<\/strong><br>Eliana Lopes Osornio<br>\u00c1lvaro Larrain<br>Rosana Brito<br>Fernando G\u00f3mez \/ Silvia Pereira<br><em>Contacto: 2996296959 <\/em>(solo mensajes de WhatsApp)<br><br><strong>Bedel\u00eda:<\/strong><br>Esteban Calder\u00f3n<br><br><strong>Preceptoria:<\/strong><br>Silvia Torrez<br>Nehuen Gui\u00f1ez<br>Ana Laura Esperanza<br>Flavia Yancarlos<br>Yemina Ch\u00e1ves<br>Maria Jose Barrios<br>Fabi\u00e1n Oztryzniuk<br>Rosana Brito<br>Yanina Terruel<br>Elena Velazquez <br><em>Contacto Preceptoria: 2995774402<\/em> (solo mensajes de WhatsApp)<br><br><strong>Biblioteca<\/strong>:<br>Patricia Spiccia<br>Horacio Ponce \/ H\u00e9ctor Ram\u00edrez<br><br><\/figcaption><\/figure>\n\n\n\n<p><\/p>\n\n\n\n<p><\/p>\n\n\n\n<p><\/p>\n\n\n\n<p><\/p>\n","protected":false},"excerpt":{"rendered":"<p>Equipo Directivo: Directora: Juliana de los SantosVicedirector: Sergio Martin FerreyraSecretaria Acad\u00e9mica: Cecilia Alberto Consejo Acad\u00e9mico: COORDINACIONES coordinadores\/as Coordinaci\u00f3n Carrera PEP Claudio Ruiz Coordinaci\u00f3n Carrera PEI Paula Ruiz Coordinaci\u00f3n de Pr\u00e1cticas PEP Angela Wedeman Coordinaci\u00f3n Pr\u00e1cticas PEI Gisela Branchini Coordinaci\u00f3n de la Formaci\u00f3n General PEP Ayel\u00e9n Penchulef Coordinaci\u00f3n de la Formaci\u00f3n General PEI Marcela Rodr\u00edguez&nbsp; Coordinaci\u00f3n &#8230; <a title=\"Institucional\" class=\"read-more\" href=\"https:\/\/ifd6-nqn.infd.edu.ar\/sitio\/institucional\/\" aria-label=\"More on Institucional\">[+]<\/a><\/p>\n","protected":false},"author":5219,"featured_media":0,"parent":0,"menu_order":0,"comment_status":"closed","ping_status":"closed","template":"","meta":[],"acf":[],"_links":{"self":[{"href":"https:\/\/ifd6-nqn.infd.edu.ar\/sitio\/wp-json\/wp\/v2\/pages\/2607"}],"collection":[{"href":"https:\/\/ifd6-nqn.infd.edu.ar\/sitio\/wp-json\/wp\/v2\/pages"}],"about":[{"href":"https:\/\/ifd6-nqn.infd.edu.ar\/sitio\/wp-json\/wp\/v2\/types\/page"}],"author":[{"embeddable":true,"href":"https:\/\/ifd6-nqn.infd.edu.ar\/sitio\/wp-json\/wp\/v2\/users\/5219"}],"replies":[{"embeddable":true,"href":"https:\/\/ifd6-nqn.infd.edu.ar\/sitio\/wp-json\/wp\/v2\/comments?post=2607"}],"version-history":[{"count":7,"href":"https:\/\/ifd6-nqn.infd.edu.ar\/sitio\/wp-json\/wp\/v2\/pages\/2607\/revisions"}],"predecessor-version":[{"id":2624,"href":"https:\/\/ifd6-nqn.infd.edu.ar\/sitio\/wp-json\/wp\/v2\/pages\/2607\/revisions\/2624"}],"wp:attachment":[{"href":"https:\/\/ifd6-nqn.infd.edu.ar\/sitio\/wp-json\/wp\/v2\/media?parent=2607"}],"curies":[{"name":"wp","href":"https:\/\/api.w.org\/{rel}","templated":true}]}}